 0 = 5*q - 3*o - 18459. Suppose 5*n = -5*p + 2941 + 1649, -q = -4*p + 3*n. Is p a prime number?
False
Suppose -145123 = -19*t + 163779. Suppose 0 = 66*l - 44*l - t. Is l a composite number?
False
Let x be ((-183)/(-2))/((-13986)/(-2796) + -5). Suppose 0 = 24*y - 17145 - x. Is y composite?
True
Let u be ((-59652)/8)/((-30)/40). Suppose -n = a - 3173 + 685, 4*a + 2*n = u. Is a composite?
True
Let q = 22 - 27. Let p be (-1)/(8/2 + -5). Is p/((-15)/q)*3147 a prime number?
True
Let j(x) = 90*x**3 - 15*x**2 - 166*x + 1301. Is j(8) a prime number?
False
Suppose 3*v - 5*j - 27 = 17, -4*j - 24 = -v. Suppose 23*f - v*f = 17265. Is f composite?
False
Suppose -45273 = -2*z + 13705. Is z composite?
True
Let t(x) = 18*x**2 - 26*x + 77. Is t(36) a prime number?
True
Is 69164 - ((-13)/5 - ((-168)/(-35))/(-8)) composite?
True
Suppose 37*o = 14*o + 8809. Let p = -21 - -30. Suppose o = p*c - 814. Is c prime?
False
Suppose -3*m + 3 = 5*z, -z - 4*m - 1 = -5. Let r(t) be the first derivative of t**4/4 - t**2 + 211*t - 1. Is r(z) a prime number?
True
Let p be (-2)/10 - ((-30)/(-3))/(-50). Let m(n) = 7*n - n + n + 4*n**2 - 8*n + 1181. Is m(p) a composite number?
False
Suppose 0 = 4*q - 2*k - 194926, -q + 11*k = 15*k - 48727. Is q composite?
False
Let a(n) = -17444*n - 337. Is a(-19) composite?
False
Suppose 4*r + 0 = 32. Let t(q) = q**2 - 11*q + 26. Let y be t(r). Is (4 - -491) + y*-1 a prime number?
False
Let r be (1 + -2)/((-14)/(-5) + -3). Suppose -r*v = 5*g - g - 2578, -2*v + 1030 = 2*g. Let k = -172 + v. Is k a composite number?
True
Let f be (-10820)/30*((-3)/6 + -1). Is f + 2 + -17 + 15 a composite number?
False
Suppose -396*j = -411*j + 2257215. Is j a prime number?
False
Let r = 229198 + -91019. Is r composite?
False
Let i(a) = 50*a**2 - 135*a - 118. Is i(23) composite?
False
Let h(k) = -k**2 - 9*k - 3. Let s be h(-8). Suppose s*t = 26 + 4. Suppose -p - t*p + 4109 = 0. Is p a composite number?
False
Let j(p) = -140227*p**3 - 6*p**2 + 103*p + 225. Is j(-2) prime?
False
Let s(m) = -6*m + 91. Let o be s(16). Is (-1)/(-4*o/(-10460)) prime?
True
Let c(h) = h**3 + 6*h**2 - 2*h - 8. Let k be c(-6). Suppose -4614 = -2*f - k*a, -1017 = -f - a + 1295. Is f prime?
False
Is ((-46)/(-10) - 4)*(3 + 313082) a composite number?
True
Let b(j) = -84*j - 22. Let o be b(-5). Let c = -63 + o. Suppose c + 579 = l. Is l a prime number?
False
Suppose -82716 = -9*s + 1641. Let r = s - -1182. Is r a prime number?
False
Is ((-702)/108*(-4)/26)/(2/1429630) a composite number?
True
Let d(y) = 1450*y**2 - 212*y - 1999. Is d(-10) a prime number?
True
Suppose -4*f = -0 - 0. Suppose 4*r + 12 = 0, 9*j - 6*j + 3*r - 16860 = f. Is j composite?
False
Let o = 103833 + -16294. Is o a prime number?
True
Suppose -303*d + 16909988 = -8738659. Is d composite?
False
Let t be (-26)/(4/(-18804)*6). Let l = -13490 + t. Is l composite?
True
Suppose f = 4*i + 19, 3*f + 2*i = 5 - 4. Suppose f*o - 2*r + 51 = -7*r, 4*o - 4*r = -100. Is (689/2)/((-11)/o) a prime number?
False
Let c(d) = -2*d**3 - 12*d**2 - 12*d + 6. Let t be c(-5). Let y(l) = l**3 - 3*l**2 + 12*l + 27. Is y(t) a prime number?
True
Suppose 0 = -4*m + 5 + 11. Suppose m*v = 5*v - 3. Suppose -6*l - v*l = -8082. Is l prime?
False
Let d(f) be the third derivative of -f**6/120 + 2*f**5/15 - 5*f**4/8 + 17*f**3/6 + 15*f**2. Let n be d(9). Is (-4 - -2)*-2 - n prime?
False
Let v be 2/((-3)/(-2) - 1). Let n = -5854 - -5871. Suppose 0 = v*r - n - 83. Is r composite?
True
Suppose 4225474 = 3*j + 5*u, -3*u - 5633975 = -60*j + 56*j. Is j prime?
True
Suppose -8*c = -66022 + 5014. Is (-9 + 4)/5*c/(-6) a composite number?
True
Let t(d) = 1128*d**2 - 38*d - 3. Is t(1) composite?
False
Let f(k) = -376*k**2 - 40*k - 145. Let d(w) = 94*w**2 + 11*w + 36. Let n(u) = 9*d(u) + 2*f(u). Is n(-7) composite?
False
Suppose 4*z - 1387 = -4*x + 489, z = 5*x + 493. Suppose 127*k - z = 126*k. Is k a prime number?
False
Let c = -49 - -33. Let t = c - -22. Suppose 0 = -l + t*f - f + 897, -2*l = 2*f - 1770. Is l a prime number?
True
Let s be -1 + 20 + (-3)/1. Let x(y) be the third derivative of 3*y**4/4 + y**3/2 + 446*y**2. Is x(s) a composite number?
True
Suppose 0 = 5*a + 4*g - 1715499, 8*g - 5*g - 343091 = -a. Is a prime?
False
Let w be 8/((-96)/37182)*-4. Is (255/(-102))/((-1)/w) prime?
False
Let f = 43261 - -8886. Is f a composite number?
False
Let y = 36841 + -17527. Suppose -4*x - 3*w + 25741 = 0, x - 5*w = 4*x - y. Is x composite?
True
Suppose -h + 758 = -2862. Suppose 29*v - 33*v = -h. Is v a composite number?
True
Let u(f) = -12*f**2 + 9*f - 8. Let b(h) = -h**2 + h - 1. Let n(m) = 3*b(m) - u(m). Let d be n(4). Let a = d - -98. Is a prime?
True
Let g = 877 - 875. Suppose -3*b + 2*b = -q - 1091, g*q + 4356 = 4*b. Is b prime?
True
Suppose -263974 - 6444244 = -105*q + 3231187. Is q composite?
True
Let v be (-156)/(-36) + (-2)/6. Let d be (-12)/(-10)*(39/6 - v). Suppose 1880 = m + d*l, -m + 3780 = m + 2*l. Is m a composite number?
True
Let f(p) be the third derivative of 31*p**5/30 + 13*p**4/24 + 7*p**3/6 - 18*p**2 - 6*p. Is f(-12) a prime number?
True
Suppose 2*q = -4*d + 22, -3*q + 5 = 5*d - 5*q. Suppose -2*m = d*s - 2014, -5*s + m + 0*m = -3335. Is s + -1 + (-2 - -2) a composite number?
True
Is (15/(-45))/(1/(-1)) + 41990/3 composite?
False
Suppose 27093759 = 81*h - 5038082 + 2577614. Is h prime?
False
Let i(f) = 3126*f + 985. Is i(35) prime?
False
Suppose -3919 = 2*d + 3933. Is 8/(-8)*d/2 prime?
False
Let m(c) = 24*c**2 + 48*c + 1631. Is m(-32) a composite number?
False
Suppose 0 = -3*l + 5*d - 17, -2*l - 9 = 2*d - 3. Is -5 + -2 + 5032 + l composite?
False
Suppose -407968 = -4*t + 2*i, 396083 - 90105 = 3*t - i. Suppose -13*h - t = -19*h. Is h composite?
True
Let q be 0/(4 + (-4 - -2)). Let l(z) = z**3 - z**2 - 2. Let g be l(q). Is g/(-10) + (-2367)/(-15) a prime number?
False
Suppose 0 = 119*w - 42*w - 4059979. Is w prime?
True
Let u = 45696 + -12877. Is u prime?
False
Suppose 0 = 2*r - 0*r + 4*m - 294, 2*r = 3*m + 259. Suppose 4*b + 306 = -3*f - r, 0 = 2*f - 6. Let h = 44 - b. Is h a composite number?
False
Let r(l) = -141*l + 50. Let w be 2/((-6)/(-21))*-1. Is r(w) composite?
True
Suppose 0 = 3*d + 5*y - 5686, 0 = d + 19*y - 18*y - 1894. Suppose -2163 - d = -5*m. Is m a prime number?
True
Let t be (-198)/4*-14*3. Suppose -t = -5*q - 484. Is q prime?
False
Is (0 + (-127527)/(-21))/(-25 - (-2112)/84) prime?
True
Suppose -8*d + 9*d + 237 = 0. Let u = d + 441. Let q = u + -119. Is q prime?
False
Suppose -215721 + 110654 - 424994 = -21*d. Is d prime?
False
Is 35565476/44 - (-664)/913 prime?
True
Suppose p - 11 = 5. Let b be (p/(-6) - -2)*21. Is b/(-21)*1137/2 a composite number?
False
Suppose 3*f + 4*f = 6*f. Suppose 2*b = -f*b + 4. Suppose 5*s = 3*x + 1496, -b*s - 6*x + 590 = -3*x. Is s a composite number?
True
Suppose 5*p = -2*h + 26, -h - 5*p + 11 = -4*h. Suppose 355 = o - 2*k - 443, h*o = k + 2409. Suppose 3*r - 327 = o. Is r prime?
False
Let g = 2339 - 2335. Let o be -10*(-2 + 3 + 0). Is (-5)/(-50)*1486 - g/o a composite number?
False
Let p(q) = -q**3 + 28*q**2 + 7*q + 28. Let v(m) = -m**2 - 1. Let x(g) = p(g) - 6*v(g). Is x(15) composite?
True
Suppose 0 = -351*r + 352*r - 3. Suppose -s + j = -19916, 5*s - r*j - 11544 - 88030 = 0. Is s a composite number?
False
Suppose 2439 = 4*x + 315. Suppose 0 = 530*c - x*c + 2681. Is c composite?
True
Is -1*(-6*(-36)/(-24) + -11302) a prime number?
True
Suppose -39*n + 31*n = 104120. Let s = 26126 + n. Is s prime?
False
Suppose 13*h + 4466 = 2*a + 10*h, -3*a = -5*h - 6701. Is a a prime number?
False
Is (-936)/702 - (-163639)/3 composite?
True
Is 581158 + (-50)/(-10) - 2 a prime number?
False
Suppose 8*j = 12*j - 24. Suppose j*v = 23*v - 11441. Is v a prime number?
True
Let a be ((-3)/(-1))/((-3)/(-2) + 0). Let q be 48/(-30) - 3/(15/a). Is q/7 - (-1563)/7 a composite number?
False
Let z(j) = 18*j**2 - 19*j + 33. Let m be z(-23). Suppose -m = -167*g + 159*g. Is g prime?
True
Suppose 0 = 7*d + 2937548 - 9838869. Is d a prime number?
True
Let a(n) = -6*n**3 - 155*n**2 + 50*n - 35. Is a(-33) a composite number?
True
Let f = 537 + -820. Let l be ((-3108)/(-49))/(4*7/98). Let r = l - f. Is r a composite number?
True
Is ((28/3)/4)/(((-8)/30633)/(-8)) composite?
True
Let n(s) = -2 + 1 - s + 2163*s**2 - 3*s + 5*s. Is n(-1) prime?
True
Sup